
What is 10 + -9 - (3 + -3)?
1
Calculate 4 + (5 + 0 - (19 + (-9 - -10))).
-11
Evaluate 4 - (-3 + 8 + 1 - (2 - -12)).
12
Calculate 5 - (-10 - -1 - (-35 - (17 + -13))).
-25
12 + -5 + -15 + 2
-6
2 + 1 + 56 + -58 + 6 + -17
-10
Calculate 0 + 4 + 30 + -38 + -1.
-5
What is the value of -9 - ((28 - -1) + -24)?
-14
What is (28 - 13) + -25 + -9?
-19
Calculate 0 - 10 - -5 - -25.
20
Calculate 10 - (-4 + 12 + 3).
-1
Evaluate 25 + -1 + -230 + 235.
29
Calculate (-15 - (-1 - 4)) + 1 + 11.
2
Evaluate -27 + 21 - 6 - (-28 - 0).
16
What is -67 + 53 + (31 - -1)?
18
Evaluate 18 - (38 + -22 + 29).
-27
What is the value of -11 + -4 - (15 - 34)?
4
What is 14 + (-8 + 13 - 12) + -19?
-12
-24 + 27 - (4 + 5)
-6
What is the value of 0 + (-2 - 1) + (11 - 4) + 5?
9
What is (-2 - (-5 + -1)) + 2 + (3 - 2)?
7
What is 7 - (28 + -12) - -4?
-5
Evaluate -56 + 64 + 1 + -42 + 1.
-32
What is the value of -2 + 5 + (11 - (-12 + 29)) + 13?
10
-21 - (-26 + 21 + 4)
-20
1 + (-13 - (-16 + 9 + -6))
1
Evaluate -81 + 80 - (-15 - (-3 - 1)).
10
Evaluate 21 + ((-4 - -2) + 7 - (985 - 980)).
21
What is -6 + -3 + -14 + (-28 - -32)?
-19
Calculate 14 + 0 + (133 - 135).
12
What is the value of -68 - -37 - -34 - (1 - 12)?
14
What is the value of (-24 + 0 - -17) + -19 + 4?
-22
What is the value of (3 + -7 - 0) + 3 - (155 + -148)?
-8
Evaluate -24 - (-22 + (14 - 4)).
-12
What is the value of -24 - (-31 + 13) - -23?
17
Calculate -38 + 13 + 16 - (4 + 0).
-13
Calculate (-7 + (4 - -8) - (-2 - 0)) + -22.
-15
What is (23 - 21 - (-2 - 5)) + -36?
-27
Evaluate -6 + (-13 - 15) - (7 - 9).
-32
What is the value of -39 + (28 - (7 - (11 - 19)))?
-26
2 + 5 + 1 - 2 - (-18 - -45)
-21
(-12 - -4) + 8 + 1 + 0 - 0
1
-2 + 17 - (38 + -23)
0
Evaluate (-7 - 2) + 16 + (3 - 3).
7
What is -1 + -12 + 5 + (2 - 10)?
-16
What is (41 - (54 - 36)) + 13?
36
Evaluate (-24 - (-6 + -13)) + 2.
-3
What is (0 - 10 - (-6 + (-33 - 2))) + -6?
25
What is -9 + 2 - 0 - -19?
12
Evaluate (-13 - 1) + (-34 - -39) - 3.
-12
Evaluate 4 + ((0 - 5) + 40 + -41 - 10).
-12
What is the value of 5 + (-14 - -4 - (83 + -112))?
24
Evaluate 8 - (1 - (2 - -2 - 9)).
2
What is -1 + 0 - (-17 - (12 - 25) - 9)?
12
What is the value of (40 - (69 - 34)) + (8 - 1)?
12
Calculate 24 + 2 - ((8 - -8) + -18).
28
What is 35 + -69 + 42 - 17?
-9
7 + (1 - 6 - (-126 + 115))
13
Evaluate 0 - -3 - (-5 + 8) - (65 - 67).
2
78 + -81 + (-13 - (-2 - (-3 + 3)))
-14
-2 - (-15 + (16 - 4))
1
Evaluate 7 + ((8 - 0) + (-20 - -27) - 5).
17
What is 16 + (-36 - -19) + (-1 - -2)?
0
12 - (-13 + 31 + -6)
0
Evaluate 9 + (11 + -10 + 4 - 26).
-12
-9 - (7 + -45 + 4 - -6)
19
(14 - 25) + -1 + 11 - -8
7
What is 14 - (-1 - 2 - (8 + -14))?
11
Evaluate 124 + -108 - (21 + 1).
-6
-4 + -7 - (-3 - 7)
-1
Evaluate 7 + 0 - (0 + 15 + (-14 - 6)).
12
Calculate 4 + (14 - 1) + -8 + -9.
0
Calculate 4 - 0 - ((24 - 48) + 32) - -19.
15
What is the value of 4 + -23 - (-10 + -28)?
19
Calculate 7 + (-1 - -2) + -56 + 49 + -29.
-28
What is -19 + (10 - 17 - 1)?
-27
What is the value of 14 + 16 + -22 + (2 - 14)?
-4
What is -511 + 495 + 2 + 1?
-13
Calculate -22 + (-21 - -19 - (-16 + 5 - -1)).
-14
Evaluate 2 - 5 - ((-1 - 4) + 0).
2
Evaluate 3 + -13 + 13 - (23 + -4).
-16
What is -1 + 19 + 50 + 2 + -37?
33
25 + -22 + -15 + 10
-2
Calculate -4 - (-6 + 21 - 14).
-5
Calculate -5 - (-13 - -2) - (-1 + 2) - 2.
3
Calculate -7 + (-2 - (-18 + 13 - (-1 + -1))).
-6
Evaluate -24 + 0 + -8 + 20.
-12
Evaluate (1 - -1) + -4 + (-18 - (2 + -14)).
-8
4 - 1 - (111 + -101)
-7
5 + (-6 - 3) + -6 - -4
-6
Evaluate (-25 - -53) + (9 - 23).
14
What is (2 - (-5 - -27)) + -15 + 22?
-13
Calculate (-1 - (-19 + 28)) + (4 - -1) - 5.
-10
What is 5 + (10 - 0) + 258 + -260?
13
What is the value of -25 + (24 - (0 - -1))?
-2
Calculate 25 - (2 - (13 - 44)).
-8
What is the value of 1 + -8 + (182 - 82 - 84)?
9
What is the value of -25 + 2 + (2 - 6) + 15 - -18?
6
What is (-11 - -3 - -2 - -12) + -12 - 2?
-8
Evaluate (12 - 13) + (-8 - -9) + 12.
12
What is (13 - (4 - -7)) + -7 + 13?
8
What is the value of -1 - 8 - -8 - 11 - -1?
-11
Calculate (5 - (5 + -13 + 9)) + 2.
6
What is the value of 20 + 0 + -14 - -6 - -2?
14
What is the value of (-18 - 0) + 10 - 7?
-15
11 - ((-3 + 4 - 1) + -1 - -1)
11
Evaluate 6 - (3 - -10) - (-23 - -1).
15
What is -12 + (-1 - (-2 - -1 - 0 - 4))?
-8
Calculate -65 - -64 - (-5 - -3) - -9.
10
Evaluate 12 + 7 - (-4 + 9 + 2).
12
What is the value of 257 - 232 - (37 + 6)?
-18
What is 0 - (0 + (9 - 1) - (-1551 - -1527))?
-32
Calculate (5 + 5 - 5 - (5 + 3)) + -6.
-9
What is 10 + -3 - (13 + (3 - 36) + 7)?
20
-6 + -12 + (8 - -1)
-9
What is the value of (21 - 22) + (-9 - (-39 - -1))?
28
Calculate 13 - 4 - (5 + -8 - -13).
-1
Evaluate -4 + -26 - (36 + -55).
-11
What is the value of (-18 - -12 - -2 - 9) + (5 - -1)?
-7
Evaluate 13 + 1 - (59 + -54 + 0).
9
25 + -41 + 1 + -3 + (5 - 1)
-14
21 - (-23 + 42 - -25)
-23
What is 6 - ((1 - 2 - 2) + (-6 - -9))?
6
Calculate -1 + 19 + (36 + 38 - 112).
-20
Calculate 6 + (-5 - -9) + 0 - 26.
-16
Evaluate -4 + -16 - (2 + 4 + -10 - -1).
-17
What is the value of (-21 - -30) + 3 + (3 - 20)?
-5
What is -1 - (0 + (-32 - -22 - (-29 + 1)))?
-19
Evaluate 19 + (4 - 20) - (-2 - -12) - -31.
24
Evaluate (1 - 17) + (5 - 12) + 12.
-11
What is -12 + 29 + 3 + (5 - 13)?
12
-3 - (3 - (-11 + (11 - -7)))
1
What is the value of -4 - (-21 + 10) - 3?
4
What is -2 + (-7 - -7) + 12?
10
19 + (-7 - ((9 - 13) + -5))
21
Calculate -7 + 24 + -11 + 3 - 4.
5
What is -18 + 25 - (-15 + 7 - -3)?
12
-1 + -15 + -1 + 8 - (-6 - -1)
-4
Calculate 2 - 2 - (-180 + 190).
-10
Calculate (-3 - -5) + 0 + (-20 - -11).
-7
What is 5 - (-5 + (9 - 3))?
4
Evaluate -1 + 8 + -1 + 12 + -8.
10
Calculate (21 - (-3 - -7 - -5)) + -27.
-15
Calculate -27 + 21 + -1 + -3 - -4.
-6
What is (-9 - -1) + (-128 - -131) + 9?
4
What is (15 - 4) + (0 - (-5 + (16 - 5)))?
5
(7 + 0 - (9 + -3 + -7)) + -10
-2
Evaluate 8 + -32 + (-7 + 3 - 5) - -5.
-28
What is the value of (-11 - (0 - (15 - 10))) + (-2 - 2)?
-10
What is the value of -9 + 5 + -3 + -4 - 7?
-18
-5 + 1 + -10 + 2 + 5 + 18
11
Calculate -10 - ((-9 - -6) + -37 + 12).
18
10 + 5 + -9 + -7 + (0 - -3)
2
What is (6 - -3 - 23) + (-4 - -6)?
-12
Evaluate 11 + -51 - -15 - -49.
24
What is 30 - (-21 + (-20 - -59))?
12
What is -514 - -502 - (4 + (0 - 2) + -13)?
-1
3 + (-10 - (0 - (-2 + 4)))
-5
What is (-56 - (0 + -18)) + 20?
-18
What is the value of (-5 - 1) + (5 - 10) - -3?
-8
Calculate (-28 - 1 - 4) + -4 + 20.
-17
What is 6 + -2 + 1 + (1 - 4) + -9?
-7
What is the value of -3 - (-1 + -2) - (4 - 3)?
-1
What is -7 + -2 + 10 + -10?
-9
Evaluate 3 + (-5 - -4 - (-17 - -3)).
16
What is the value of (-22 - -12 - 6) + 33 + -55?
-38
Evaluate 84 + -79 - (5 - 2 - 13).
15
Calculate 2 + (0 - 12) + -4 + -9 + 5.
-18
0 - (16 - (-1 + 8))
-9
What is (26 - 6) + (0 - 6)?
14
Calculate 8 + -4 - 19 - (6 + -7 + 13).
-27
Calculate (12 + (-23 - (-6 + 14)) - -7) + -10.
-22
3 + (-26 - (26 + -26) - (-1 - 5))
-17
What is 10 - 16 - 4 - -25?
15
Evaluate 0 - 8 - (266 + -256) - (1 + -6).
-13
16 + 19 + 9 + -39
5
Evaluate (-9 - (-2 + 1)) + -79 + 84.
-3
What is the value of -14 + 8 + 9 + 3 + (-3 - 4)?
-1
(20 - (-1 - 3 - 2 - -8)) + -4
14
What is 7 + 0 + -2 + (-12 - -6) + 2?
1
What is 3 + -1 + (4 - (-10 - -35 - 7))?
-12
-16 + 23 + (-11 - -2) + -9
-11
Calculate -46 + 38 - (-2 + 13 + -2).
-17
(2 - (-8 - -8)) + -13 + -2 + -1
-14
(15 - 11 - 11) + 7 - -33
33
Calculate 5 + (-3 - (-10 + 13)).
-1
29 + -44 - (5 + -6)
-14
Evaluate (0 - (-14 - -9)) + 2 + (0 - -2).
9
What is 5 + (-5 - -4 - 0) + -14 + 2?
-8
Evaluate -16 + (12 + -4 - -5).
-3
6 + 1 + (-26 - -13)
-6
What is -1 - 10 - ((-43 - -50) + (-4 - -2))?
-16
8 - (45 - (12 + 9))
-16
What is the value of -3 + 9 + (-93 - -85)?
-2
What is -103 + 112 + -1 + -2?
6
What is the value of 32 + -11 + -18 + 2 - -12?
17
Evaluate -12 + 9 + (3 - -1 - -5) - -6.
12
What is -1 + -9 + 14 + -18?
-14
What is the value of (19 + -31 + 2 - -2) + -17?
-25
1 + 11 - (85 + -61)
-12
What is -79 + 31 + 32 + -2 + -2?
-20
What is 18 - (-25 + 8 + 19 - (11 + -2))?
25
What is the value of 5 - (60 + -33 + 1)?
-23
8 - (3 + -4 + 7) - 6
-4
(-3 - (-3 + 17)) + 12
-5
Evaluate (0 + 6 - (-2 + -1)) + -29 + 15.
-5
What is the value of -14 + 31 + -1 + -2 - (6 + -2)?
10
What is 1 + -17 + (-5 - 8 - -24) - 25?
-30
What is the value of -16 - (-17 - -26) - -24?
-1
Calculate 178 - 188 - (1 + 4).
-15
Evaluate -29 + -2 + 4 + -145 +